s the greatest common divisor of 462 and 84?
42
Calculate the greatest common factor of 215 and 20.
5
What is the highest common factor of 14 and 5?
1
What is the greatest common divisor of 381 and 27?
3
Calculate the greatest common divisor of 139 and 3.
1
Calculate the greatest common factor of 65 and 5265.
65
Calculate the highest common factor of 1903 and 242.
11
What is the greatest common divisor of 250 and 4?
2
What is the greatest common divisor of 162 and 513?
27
Calculate the greatest common divisor of 2660 and 35.
35
What is the highest common divisor of 42434 and 98?
98
Calculate the highest common divisor of 315 and 10.
5
Calculate the highest common divisor of 8 and 81.
1
Calculate the greatest common divisor of 51 and 285.
3
What is the highest common factor of 76 and 1235?
19
Calculate the greatest common factor of 10 and 40.
10
Calculate the greatest common divisor of 8 and 5204.
4
What is the highest common factor of 187 and 121?
11
Calculate the highest common factor of 2266 and 44.
22
What is the highest common factor of 308 and 280?
28
Calculate the highest common divisor of 915 and 15.
15
Calculate the highest common factor of 795 and 318.
159
Calculate the highest common factor of 5 and 245.
5
What is the greatest common factor of 287 and 14?
7
Calculate the greatest common divisor of 6059 and 73.
73
Calculate the highest common divisor of 1 and 67.
1
What is the greatest common factor of 27 and 441?
9
Calculate the highest common factor of 100 and 175.
25
What is the greatest common factor of 18602 and 142?
142
What is the greatest common divisor of 279 and 4340?
31
Calculate the highest common divisor of 60 and 885.
15
Calculate the greatest common factor of 80 and 20.
20
Calculate the greatest common divisor of 121 and 1.
1
What is the greatest common factor of 344 and 43?
43
What is the greatest common divisor of 208 and 608?
16
What is the highest common divisor of 48 and 9360?
48
What is the highest common divisor of 459 and 27?
27
What is the highest common divisor of 90332 and 44?
44
What is the highest common factor of 656 and 16?
16
What is the greatest common divisor of 30 and 735?
15
Calculate the highest common factor of 35205 and 30.
15
Calculate the highest common divisor of 459 and 51.
51
What is the greatest common divisor of 36 and 10?
2
Calculate the highest common factor of 3364 and 87.
29
Calculate the highest common divisor of 360 and 72.
72
What is the greatest common divisor of 559 and 13?
13
Calculate the highest common factor of 88 and 1122.
22
Calculate the highest common factor of 1122 and 396.
66
Calculate the greatest common factor of 161 and 56.
7
Calculate the greatest common divisor of 13 and 195.
13
What is the highest common factor of 75 and 1175?
25
Calculate the highest common factor of 338 and 26.
26
What is the highest common factor of 22 and 154?
22
What is the greatest common divisor of 17 and 2771?
17
Calculate the greatest common divisor of 8728 and 8.
8
Calculate the greatest common factor of 55 and 5555.
55
What is the greatest common factor of 247 and 95?
19
Calculate the highest common divisor of 4218 and 1254.
114
Calculate the greatest common factor of 235 and 5.
5
What is the greatest common factor of 336 and 144?
48
Calculate the highest common divisor of 20 and 10.
10
What is the greatest common divisor of 67 and 737?
67
What is the highest common divisor of 152 and 57?
19
What is the greatest common divisor of 21 and 14?
7
What is the highest common divisor of 21 and 63?
21
Calculate the greatest common factor of 560 and 720.
80
What is the highest common factor of 100 and 550?
50
Calculate the highest common divisor of 290 and 20.
10
Calculate the highest common factor of 2378 and 1102.
58
Calculate the greatest common divisor of 11975 and 25.
25
What is the greatest common divisor of 22 and 671?
11
What is the greatest common factor of 2 and 77?
1
Calculate the greatest common factor of 3148 and 4.
4
Calculate the greatest common divisor of 64 and 4.
4
Calculate the highest common factor of 3072 and 96.
96
What is the highest common divisor of 985 and 10?
5
What is the greatest common divisor of 56 and 168?
56
Calculate the highest common divisor of 14 and 35.
7
Calculate the greatest common factor of 2329 and 17.
17
What is the highest common factor of 21 and 123?
3
Calculate the greatest common divisor of 46 and 598.
46
What is the greatest common divisor of 49 and 49?
49
What is the greatest common divisor of 465 and 105?
15
Calculate the highest common factor of 128 and 16.
16
Calculate the highest common factor of 21 and 749.
7
Calculate the highest common factor of 288 and 117.
9
What is the highest common divisor of 32 and 112?
16
What is the highest common factor of 4764 and 24?
12
Calculate the highest common factor of 3 and 723.
3
What is the highest common factor of 328 and 164?
164
What is the greatest common divisor of 960 and 30?
30
Calculate the greatest common factor of 32034 and 6.
6
Calculate the greatest common factor of 473 and 387.
43
What is the greatest common factor of 135 and 243?
27
Calculate the greatest common factor of 6 and 1038.
6
Calculate the greatest common factor of 36 and 99.
9
Calculate the highest common divisor of 165 and 15.
15
What is the highest common divisor of 1387 and 19?
19
Calculate the highest common divisor of 2975 and 476.
119
Calculate the highest common divisor of 100 and 2725.
25
Calculate the highest common divisor of 19 and 35701.
19
Calculate the greatest common factor of 248 and 4.
4
Calculate the highest common divisor of 328 and 1886.
82
Calculate the greatest common factor of 13 and 351.
13
Calculate the greatest common divisor of 18501 and 63.
21
What is the highest common divisor of 428 and 4?
4
What is the greatest common factor of 34 and 306?
34
What is the greatest common divisor of 160 and 1360?
80
What is the greatest common factor of 538 and 4573?
269
Calculate the greatest common divisor of 13824 and 27.
27
What is the greatest common divisor of 26 and 221?
13
What is the greatest common factor of 13 and 5707?
13
Calculate the highest common divisor of 4005 and 15.
15
What is the greatest common divisor of 115 and 20?
5
Calculate the greatest common divisor of 2376 and 88.
88
What is the greatest common divisor of 46 and 736?
46
Calculate the highest common factor of 155 and 5.
5
Calculate the greatest common factor of 21 and 9.
3
What is the greatest common factor of 36 and 39132?
36
Calculate the greatest common divisor of 27 and 8406.
9
What is the greatest common divisor of 396 and 54?
18
What is the highest common divisor of 56 and 364?
28
What is the highest common factor of 20484 and 36?
36
What is the greatest common divisor of 475 and 38?
19
Calculate the greatest common factor of 575 and 69.
23
Calculate the greatest common divisor of 2425 and 25.
25
Calculate the greatest common divisor of 48 and 176.
16
Calculate the highest common divisor of 80 and 5.
5
What is the highest common factor of 513 and 999?
27
What is the highest common factor of 127 and 20701?
127
Calculate the greatest common factor of 56 and 7000.
56
Calculate the highest common divisor of 162 and 18162.
18
What is the highest common divisor of 52 and 364?
52
Calculate the highest common divisor of 990 and 120.
30
What is the highest common factor of 515 and 5?
5
Calculate the greatest common factor of 6 and 362.
2
What is the greatest common divisor of 84 and 12?
12
What is the highest common divisor of 84 and 126?
42
What is the greatest common divisor of 23 and 943?
23
Calculate the highest common factor of 135 and 75.
15
Calculate the greatest common factor of 126 and 16.
2
What is the highest common divisor of 730 and 5?
5
What is the highest common divisor of 111 and 7659?
111
Calculate the greatest common factor of 6088 and 32.
8
Calculate the greatest common divisor of 76 and 4579.
19
What is the highest common factor of 570 and 30?
30
What is the greatest common factor of 53 and 3180?
53
What is the greatest common factor of 115 and 1012?
23
Calculate the greatest common divisor of 8 and 220.
4
Calculate the highest common factor of 100 and 2320.
20
Calculate the greatest common factor of 91 and 52.
13
What